Does 120 divide 17231640?
True
Is 31 a factor of 3248?
False
Is 11330525 a multiple of 25?
True
Does 121 divide 2524232?
False
Does 18 divide 259842?
False
Does 4 divide 8026?
False
Is 306730 a multiple of 5?
True
Does 132 divide 59268?
True
Is 92115 a multiple of 23?
True
Is 12203928 a multiple of 811?
True
Is 2570 a factor of 3623700?
True
Does 108 divide 489780?
True
Does 11 divide 54285?
True
Is 114494 a multiple of 46?
True
Does 46 divide 29624?
True
Is 107864 a multiple of 194?
True
Is 16 a factor of 70992?
True
Is 11 a factor of 707499?
False
Does 43 divide 7296412?
True
Is 157 a factor of 140365?
False
Does 66 divide 4097676?
True
Is 979888 a multiple of 104?
True
Does 21 divide 468405?
True
Does 14 divide 4688432?
True
Is 1695072 a multiple of 32?
True
Does 541 divide 12300717?
True
Is 35364 a multiple of 421?
True
Is 45 a factor of 130050?
True
Is 59 a factor of 51455?
False
Is 329946 a multiple of 48?
False
Is 28 a factor of 24705?
False
Is 302838 a multiple of 51?
True
Is 163 a factor of 14270216?
False
Is 276317 a multiple of 13?
False
Is 36973 a multiple of 182?
False
Is 319 a factor of 99132?
False
Is 8 a factor of 204408?
True
Is 1198 a factor of 962389?
False
Does 21 divide 85543?
False
Is 2601365 a multiple of 155?
True
Is 181896 a multiple of 24?
True
Does 40 divide 60600?
True
Is 1214 a factor of 7127394?
True
Is 69457 a multiple of 45?
False
Does 26 divide 1323218?
True
Is 50560 a multiple of 64?
True
Is 16 a factor of 148080?
True
Does 47 divide 396116?
True
Is 30 a factor of 5565858?
False
Is 4669860 a multiple of 52?
True
Is 2290640 a multiple of 152?
True
Is 347756 a multiple of 122?
False
Is 21 a factor of 121233?
True
Does 157 divide 258579?
True
Does 6 divide 614837?
False
Is 404 a factor of 8851330?
False
Does 164 divide 69864?
True
Is 14141101 a multiple of 13?
True
Is 11 a factor of 19103?
False
Does 31 divide 303260?
False
Does 71 divide 3580530?
True
Is 10564891 a multiple of 12?
False
Is 65360 a multiple of 172?
True
Does 18 divide 3062?
False
Does 7 divide 445004?
True
Is 7 a factor of 259588?
True
Is 109 a factor of 133743?
True
Does 81 divide 468585?
True
Does 14 divide 75950?
True
Is 168 a factor of 59136?
True
Does 15 divide 164075?
False
Does 1119 divide 4526894?
False
Does 27 divide 1705266?
True
Is 5731477 a multiple of 18?
False
Is 32 a factor of 49664?
True
Does 163 divide 121761?
True
Is 261 a factor of 473238?
False
Does 41 divide 1524257?
True
Does 23 divide 31556?
True
Is 144144 a multiple of 14?
True
Is 43 a factor of 6430478?
True
Is 1917420 a multiple of 10?
True
Is 290834 even?
True
Is 140914 a multiple of 44?
False
Is 12 a factor of 27557100?
True
Does 14 divide 615104?
True
Is 16389 a multiple of 27?
True
Is 1558900 a multiple of 14?
True
Is 222117 a multiple of 21?
True
Is 57290 a multiple of 85?
True
Is 125 a factor of 172248?
False
Does 9 divide 7314588?
True
Is 428832 a multiple of 24?
True
Does 12 divide 816252?
True
Is 253353 a multiple of 417?
False
Does 19 divide 4802003?
True
Is 286 a factor of 212212?
True
Is 21 a factor of 40635?
True
Is 3032526 a multiple of 100?
False
Is 716848 a multiple of 11?
True
Is 19 a factor of 736041?
True
Is 21 a factor of 238266?
True
Is 208938 a multiple of 54?
False
Is 817758 a multiple of 303?
False
Is 10231 a multiple of 92?
False
Does 213 divide 2502867?
False
Does 3 divide 101304?
True
Does 137 divide 615404?
True
Is 63 a factor of 1059556?
False
Is 239 a factor of 7567218?
True
Does 51 divide 368679?
True
Is 203009 a multiple of 23?
False
Is 6111456 a multiple of 16?
True
Does 20 divide 128180?
True
Does 23 divide 232134?
False
Is 387549 even?
False
Is 13 a factor of 4926321?
False
Is 1201 a factor of 159733?
True
Does 28 divide 321458?
False
Does 134 divide 842915?
False
Is 87 a factor of 2410662?
False
Is 23 a factor of 45425?
True
Is 48348 a multiple of 6?
True
Does 132 divide 100584?
True
Does 31 divide 1196541?
False
Does 622 divide 63444?
True
Is 275 a factor of 689425?
True
Is 15515565 a multiple of 195?
True
Does 116 divide 2315012?
True
Is 53496 a multiple of 8?
True
Is 20681958 a multiple of 1353?
True
Does 61 divide 49532?
True
Is 3694707 a multiple of 4?
False
Is 33 a factor of 1468533?
True
Is 5648932 a multiple of 412?
True
Is 1397811 a multiple of 29?
False
Is 489648 a multiple of 8?
True
Is 145 a factor of 5551760?
True
Is 11 a factor of 234650?
False
Is 55 a factor of 12640474?
False
Is 1778478 a multiple of 13?
True
Is 55 a factor of 213973?
False
Is 820380 a multiple of 33?
True
Does 22 divide 108017?
False
Is 76 a factor of 3093846?
False
Is 373500 a multiple of 4?
True
Is 14143040 a multiple of 24?
False
Is 19 a factor of 1371667?
True
Is 864 a factor of 2749248?
True
Is 177 a factor of 8252359?
False
Does 45 divide 8859825?
True
Does 2 divide 38362?
True
Is 3035788 a multiple of 233?
False
Does 84 divide 350532?
True
Does 69 divide 3754428?
True
Is 18 a factor of 650434?
False
Does 70 divide 371915?
False
Does 325 divide 1149850?
True
Is 350744 a multiple of 40?
False
Does 311 divide 295891?
False
Is 11 a factor of 79134?
True
Is 39 a factor of 90422?
False
Does 94 divide 496038?
True
Is 15092940 a multiple of 15?
True
Is 694 a factor of 44701?
False
Is 322 a factor of 66332?
True
Does 723 divide 2510979?
True
Is 637926 a multiple of 26?
False
Is 7 a factor of 2122?
False
Is 7 a factor of 13693?
False
Is 12 a factor of 3072694?
False
Does 25 divide 10995550?
True
Is 256312 a multiple of 199?
True
Is 1131938 a multiple of 15?
False
Is 64714 a multiple of 13?
True
Is 502 a factor of 2154082?
True
Is 156956 a multiple of 8?
False
Is 359 a factor of 11684732?
True
Is 211 a factor of 93051?
True
Is 1899249 a multiple of 33?
True
Is 3331619 a multiple of 41?
True
Is 938595 a multiple of 676?
False
Is 559 a factor of 2172833?
True
Is 253 a factor of 308913?
True
Is 7 a factor of 1677077?
False
Does 228 divide 5258269?
False
Does 188 divide 2075201?
False
Is 79873 a multiple of 17?
False
Does 17 divide 6790?
False
Is 1029888 a multiple of 144?
True
Is 15047430 a multiple of 10?
True
Does 73 divide 757129?
False
Is 1810480 a multiple of 40?
True
Does 16 divide 624482?
False
Is 329 a factor of 298039?
False
Does 756 divide 466452?
True
Is 381 a factor of 1346454?
True
Is 638265 a multiple of 51?
True
Is 88 a factor of 50072?
True
Is 1516612 a multiple of 67?
True
Is 4290271 a multiple of 12?
False
Does 205 divide 1563535?
True
Is 551 a factor of 241889?
True
Is 13 a factor of 60061?
False
Does 44 divide 1451162?
False
Is 467 a factor of 3309945?
False
Does 55 divide 85358?
False
Does 13 divide 16834?
False
Does 19 divide 1025952?
False
Is 228 a factor of 6224400?
True
Is 1214832 a multiple of 4?
True
Does 38 divide 82428?
False
Is 13 a factor of 4859432?
False
Is 327 a factor of 447663?
True
Is 100513 a multiple of 20?
False
Is 14 a factor of 120076?
False
Is 2641500 a multiple of 30?
True
Is 147 a factor of 184934?
False
Is 69 a factor of 12560553?
True
Is 88 a factor of 767976?
True
Is 2258542 a multiple of 1166?
True
Is 73 a factor of 26262?
False
Is 1371045 a multiple of 65?
True
Is 485250 a multiple of 16?
False
Is 288800 a multiple of 304?
True
Is 195573 a multiple of 60?
False
Is 241 a factor of 212100?
False
Does 156 divide 7841964?
True
Is 1320018 a multiple of 593?
True
Is 291855 a multiple of 156?
False
Is 22332249 a multiple of 225?
False
Is 16 a factor of 1566000?
True
Is 2671 a factor of 2441424?
False
Is 37 a factor of 5876?
False
Does 44 divide 301653?
False
Does 25 divide 388925?
True
Is 9 a factor of 2431503?
True
Is 23 a factor of 139759?
False
Does 5 divide 37320?
True
Is 69693 a multiple of 13?
True
Does 32 divide 1466720?
True
Does 579 divide 181806?
True
Is 1447 a factor of 18641524?
False
Is 23 a factor of 750668?
False
Is 56 a factor of 9926117?
False
Is 1275 a factor of 16821075?
True
Is 16 a factor of 33584?
True
Is 1490131 a multiple of 743?
False
Is 6896067 a multiple of 8?
False
Does 13 divide 1147515?
False
Is 315 a factor of 5892075?
True
Is 291 a factor of 1693038?
True
Is 423974 a multiple of 118?
True
Does 538 divide 285622?
False
Is 1029 a multiple of 3?
True
Does 33 divide 224598?
True
Is 2 a factor of 860914?
True
Is 63 a factor of 89460?
True
Is 6207573 a multiple of 145?
False
Does 11 div